{"version":"1.0","provider_name":"Lexing Switzerland","provider_url":"https:\/\/lexing.ch\/de\/","author_name":"S\u00e9bastien Fanti","author_url":"https:\/\/lexing.ch\/de\/","title":"Un procureur est-il soumis \u00e0 la transparence ?","type":"rich","width":600,"height":338,"html":"<blockquote class=\"wp-embedded-content\" data-secret=\"mGChwB7aUR\"><a href=\"https:\/\/lexing.ch\/de\/un-procureur-est-il-soumis-a-la-transparence\/\">Un procureur est-il soumis \u00e0 la transparence ?<\/a><\/blockquote><iframe sandbox=\"allow-scripts\" security=\"restricted\" src=\"https:\/\/lexing.ch\/de\/un-procureur-est-il-soumis-a-la-transparence\/embed\/#?secret=mGChwB7aUR\" width=\"600\" height=\"338\" title=\"&#8222;Un procureur est-il soumis \u00e0 la transparence ?&#8220; &#8211; Lexing Switzerland\" data-secret=\"mGChwB7aUR\" frameborder=\"0\" marginwidth=\"0\" marginheight=\"0\" scrolling=\"no\" class=\"wp-embedded-content\"><\/iframe><script>\n\/*! This file is auto-generated *\/\n!function(d,l){\"use strict\";l.querySelector&&d.addEventListener&&\"undefined\"!=typeof URL&&(d.wp=d.wp||{},d.wp.receiveEmbedMessage||(d.wp.receiveEmbedMessage=function(e){var t=e.data;if((t||t.secret||t.message||t.value)&&!\/[^a-zA-Z0-9]\/.test(t.secret)){for(var s,r,n,a=l.querySelectorAll('iframe[data-secret=\"'+t.secret+'\"]'),o=l.querySelectorAll('blockquote[data-secret=\"'+t.secret+'\"]'),c=new RegExp(\"^https?:$\",\"i\"),i=0;i<o.length;i++)o[i].style.display=\"none\";for(i=0;i<a.length;i++)s=a[i],e.source===s.contentWindow&&(s.removeAttribute(\"style\"),\"height\"===t.message?(1e3<(r=parseInt(t.value,10))?r=1e3:~~r<200&&(r=200),s.height=r):\"link\"===t.message&&(r=new URL(s.getAttribute(\"src\")),n=new URL(t.value),c.test(n.protocol))&&n.host===r.host&&l.activeElement===s&&(d.top.location.href=t.value))}},d.addEventListener(\"message\",d.wp.receiveEmbedMessage,!1),l.addEventListener(\"DOMContentLoaded\",function(){for(var e,t,s=l.querySelectorAll(\"iframe.wp-embedded-content\"),r=0;r<s.length;r++)(t=(e=s[r]).getAttribute(\"data-secret\"))||(t=Math.random().toString(36).substring(2,12),e.src+=\"#?secret=\"+t,e.setAttribute(\"data-secret\",t)),e.contentWindow.postMessage({message:\"ready\",secret:t},\"*\")},!1)))}(window,document);\n\/\/# sourceURL=https:\/\/lexing.ch\/wp-includes\/js\/wp-embed.min.js\n<\/script>\n","thumbnail_url":"https:\/\/lexing.ch\/wp-content\/uploads\/2023\/03\/procureur-scaled.jpg","thumbnail_width":2560,"thumbnail_height":1440,"description":"Les faits Une affaire genevoise, tr\u00e8s int\u00e9ressante, nous donne l\u2019occasion de nous pencher sur la th\u00e9matique de la transparence des acteurs du monde judiciaire. Un avocat avait sollicit\u00e9 pour l\u2019un de ses clients aupr\u00e8s du Pouvoir judiciaire l\u2019acc\u00e8s \u00e0 diff\u00e9rents documents, soit des notes de frais relatives \u00e0 des voyages, ainsi que l\u2019agenda des mois [&hellip;]"}

Sébastien Fanti

Un procureur est-il soumis à la transparence ?

<blockquote class="wp-embedded-content" data-secret="mGChwB7aUR"><a href="https://lexing.ch/de/un-procureur-est-il-soumis-a-la-transparence/">Un procureur est-il soumis à la transparence ?</a></blockquote><iframe sandbox="allow-scripts" security="restricted" src="https://lexing.ch/de/un-procureur-est-il-soumis-a-la-transparence/embed/#?secret=mGChwB7aUR" width="600" height="338" title="&#8222;Un procureur est-il soumis à la transparence ?&#8220; &#8211; Lexing Switzerland" data-secret="mGChwB7aUR" frameborder="0" marginwidth="0" marginheight="0" scrolling="no" class="wp-embedded-content"></iframe><script>
/*! This file is auto-generated */
!function(d,l){"use strict";l.querySelector&&d.addEventListener&&"undefined"!=typeof URL&&(d.wp=d.wp||{},d.wp.receiveEmbedMessage||(d.wp.receiveEmbedMessage=function(e){var t=e.data;if((t||t.secret||t.message||t.value)&&!/[^a-zA-Z0-9]/.test(t.secret)){for(var s,r,n,a=l.querySelectorAll('iframe[data-secret="'+t.secret+'"]'),o=l.querySelectorAll('blockquote[data-secret="'+t.secret+'"]'),c=new RegExp("^https?:$","i"),i=0;i<o.length;i++)o[i].style.display="none";for(i=0;i<a.length;i++)s=a[i],e.source===s.contentWindow&&(s.removeAttribute("style"),"height"===t.message?(1e3<(r=parseInt(t.value,10))?r=1e3:~~r<200&&(r=200),s.height=r):"link"===t.message&&(r=new URL(s.getAttribute("src")),n=new URL(t.value),c.test(n.protocol))&&n.host===r.host&&l.activeElement===s&&(d.top.location.href=t.value))}},d.addEventListener("message",d.wp.receiveEmbedMessage,!1),l.addEventListener("DOMContentLoaded",function(){for(var e,t,s=l.querySelectorAll("iframe.wp-embedded-content"),r=0;r<s.length;r++)(t=(e=s[r]).getAttribute("data-secret"))||(t=Math.random().toString(36).substring(2,12),e.src+="#?secret="+t,e.setAttribute("data-secret",t)),e.contentWindow.postMessage({message:"ready",secret:t},"*")},!1)))}(window,document);
//# sourceURL=https://lexing.ch/wp-includes/js/wp-embed.min.js
</script>

Les faits Une affaire genevoise, très intéressante, nous donne l’occasion de nous pencher sur la thématique de la transparence des acteurs du monde judiciaire. Un avocat avait sollicité pour l’un de ses clients auprès du Pouvoir judiciaire l’accès à différents documents, soit des notes de frais relatives à des voyages, ainsi que l’agenda des mois [&hellip;]
